
-1
Let q(x) = -33*x - 279. Determine q(-8).
-15
Let g(m) = -3*m - 1. Give g(-3).
8
Let m(y) = -y**3 + 10*y**2 + 12*y - 6. Calculate m(11).
5
Let y(s) = 15*s + 9. Give y(2).
39
Let w(t) = -4*t + 14. What is w(10)?
-26
Let m(f) = f**3 - 3*f**2 - 6*f + 3. Give m(4).
-5
Let b(z) = -z**3 - 23*z**2 - 42*z. Calculate b(-21).
0
Let r(i) = i**2 + 3*i + 4. Calculate r(3).
22
Let m(p) = p**3 - 6*p**2 + p + 9. Give m(6).
15
Let s(c) = c**2 - 3*c + 3. Calculate s(2).
1
Let f(u) = u**3 - u**2 + 14. Determine f(0).
14
Let n(y) = y**2 - 4*y + 1. What is n(5)?
6
Let x(o) = -4*o + 4. Determine x(1).
0
Let v(s) = s**3 - 44*s**2 - 95*s + 107. Determine v(46).
-31
Let n(r) = r + 13. Calculate n(-6).
7
Let p(x) = -2*x**2 + 26*x - 32. Calculate p(13).
-32
Let i(p) = p**3 - 21*p**2 + 19*p + 60. Calculate i(20).
40
Let l(h) = -125*h**2 - 4*h - 2. Give l(-1).
-123
Let c(y) = -y**2 - 7*y. Calculate c(-6).
6
Let z(x) = -x**3 + 2*x**2 - x + 18. Calculate z(0).
18
Let u(x) = -x**2 - 11. Calculate u(-3).
-20
Let x(v) = v**3 - 6*v**2 + 7*v - 3. Determine x(3).
-9
Let t(d) = d**2 + 8*d + 2. Give t(-6).
-10
Let n(o) = 2*o - 15. Determine n(4).
-7
Let t(n) = 43*n - 217. Calculate t(5).
-2
Let p(t) = t**2 + 4*t + 6. What is p(-3)?
3
Let h(o) = o**3 + o**2 - 7*o + 9. Give h(-4).
-11
Let i(t) = t - 38. Determine i(27).
-11
Let s(o) = -4*o + 109. Determine s(26).
5
Let w(i) = i**2 + 3*i - 7. What is w(-6)?
11
Let m(q) = -q**3 + 5*q**2 - 7*q + 7. Determine m(5).
-28
Let l(m) = -7*m - 60. What is l(-12)?
24
Let v(b) = b**3 + 14*b**2 + 2*b + 16. Determine v(-14).
-12
Let v(t) = -2*t**2 + 16*t - 5. Determine v(9).
-23
Let z(w) = -w + 23. Give z(-10).
33
Let r(u) = 6*u**2 + u + 2. Determine r(-1).
7
Let o(v) = -v**3 + 2*v**2 + 4*v - 2. Determine o(4).
-18
Let f(h) = h**2 - 6*h + 11. Determine f(6).
11
Let q(c) = c**2 + 8*c + 7. Give q(-7).
0
Let v(z) = 105*z**2 + 8*z + 1. What is v(-1)?
98
Let v(o) = o**3 - 8*o**2 + 15*o - 8. Calculate v(6).
10
Let z(x) = x - 47. Give z(15).
-32
Let z(s) = -s**3 - 5*s**2 + s + 26. Calculate z(-4).
6
Let p(i) = -i**2 - 16*i + 4. Determine p(-12).
52
Let m(z) = -10*z + 220. Determine m(22).
0
Let i(x) = -2*x**3 + 10*x**2 + 28*x - 15. What is i(7)?
-15
Let w(b) = b**3 - 9*b**2 + 10*b + 9. What is w(8)?
25
Let l(f) = f**2 - 2*f - 19. Calculate l(0).
-19
Let z(h) = -h**3 - 44*h**2 + 9*h + 389. What is z(-44)?
-7
Let m(v) = v**3 + 3*v**2 - 3*v - 3. Give m(-4).
-7
Let h(s) = -18*s - 32. Give h(0).
-32
Let g(w) = -3*w**3 + w**2 + w + 3. What is g(-2)?
29
Let o(q) = q**2 + 15*q + 38. What is o(-16)?
54
Let x(n) = -2*n**3 - 10*n**2 - 3*n + 1. Give x(-5).
16
Let o(d) = -d**3 - 8*d**2 - 3*d + 2. Calculate o(-7).
-26
Let p(z) = z**3 + 12*z**2 - 13*z + 5. Determine p(-13).
5
Let j(t) = t**3 - 33*t**2 - 33*t - 47. Determine j(34).
-13
Let c(m) = m + 16. What is c(-23)?
-7
Let p(i) = i**2 - i + 20. Calculate p(0).
20
Let q(g) = -2*g - 2. Give q(4).
-10
Let x(l) = -l + 11. What is x(0)?
11
Let g(l) = -l**3 + 41*l**2 - 117*l + 118. Calculate g(38).
4
Let b(a) = -a**2 + a + 8. Calculate b(-7).
-48
Let a(c) = -c**3 + 10*c - 3. What is a(-3)?
-6
Let c(g) = -2*g - 34. Determine c(-16).
-2
Let b(c) = -c**3 - 13*c**2 + 13*c - 13. Calculate b(-14).
1
Let h(l) = l - 6. Give h(5).
-1
Let a(m) = 2*m**2 - 3*m + 1. Calculate a(2).
3
Let t(p) = -p + 4. Calculate t(9).
-5
Let w(c) = c - 12. Determine w(6).
-6
Let q(n) = 3*n**3 - 76*n**2 + 33*n - 204. Determine q(25).
-4
Let i(w) = 2*w**3 + 20*w**2 + 49*w - 8. Determine i(-5).
-3
Let i(t) = -4*t**2 + 23*t + 1. Calculate i(5).
16
Let q(t) = t**3 - 3*t**2 - 6*t. What is q(5)?
20
Let a(o) = 3*o**2 - 71*o + 46. Calculate a(23).
0
Let f(g) = 9*g**3 + g. What is f(-1)?
-10
Let y(h) = -5*h + 41. Give y(11).
-14
Let w(x) = -10*x + 24. Calculate w(-4).
64
Let g(b) = 23*b**2 + 4*b + 4. Give g(3).
223
Let b(l) = -l - 5. Calculate b(-7).
2
Let y(p) = -4*p - 12. Calculate y(-3).
0
Let w(v) = -v - 1. Give w(2).
-3
Let x(u) = 6*u - 144. Give x(22).
-12
Let m(x) = -x**3 - 3*x**2 + 3*x - 36. What is m(-5)?
-1
Let k(l) = -l**3 - 6*l**2 + 7*l + 13. Give k(-8).
85
Let p(u) = u**3 - 4*u**2 + 3*u + 11. What is p(5)?
51
Let o(a) = -3*a**2 + 60*a + 61. What is o(21)?
-2
Let k(m) = m**2 + m - 3. What is k(-4)?
9
Let k(n) = n**3 + 5*n**2 + n + 7. Calculate k(-3).
22
Let a(j) = j**3 + 17*j**2 - 34*j + 76. Determine a(-19).
0
Let b(g) = 3*g**2 + 22*g - 4. Give b(-7).
-11
Let m(t) = 43*t + 246. Calculate m(-6).
-12
Let c(r) = -r**3 - r**2 + r + 39. Give c(0).
39
Let q(u) = 12*u**2 + 3*u - 2. What is q(1)?
13
Let r(h) = 5*h - 2. Give r(-6).
-32
Let s(t) = -t**2 + 5*t + 8. Give s(6).
2
Let g(q) = 9*q. Calculate g(-2).
-18
Let h(d) = -d**3 + 10*d**2 - 17*d - 15. Determine h(7).
13
Let u(h) = h**3 + 3*h**2 - 2*h - 9. Give u(-4).
-17
Let c(z) = z**3 + 4*z**2 - 7*z + 2. Calculate c(-5).
12
Let m(h) = 3*h**2 - 3*h + 2. Calculate m(2).
8
Let j(m) = 3*m + 12. Determine j(-4).
0
Let u(i) = i**3 + 7*i**2 - 10*i - 10. Calculate u(-7).
60
Let n(i) = -4*i - 17. Calculate n(-2).
-9
Let h(x) = x**2 + 15*x - 41. What is h(3)?
13
Let u(a) = -a - 17. Determine u(-19).
2
Let f(j) = 7*j**2 + 4*j. Calculate f(-4).
96
Let c(o) = -4*o**2 - 14*o - 5. What is c(-4)?
-13
Let q(p) = p + 12. Determine q(-18).
-6
Let j(o) = o**2 - 3*o - 7. What is j(5)?
3
Let s(l) = l**2 - 10*l - 2. What is s(8)?
-18
Let y(p) = -18*p - 1. Give y(-3).
53
Let m(b) = 9*b - 36. Determine m(4).
0
Let f(z) = z**3 - z + 18. Give f(0).
18
Let n(h) = -h**3 + 6*h**2 + 3. Determine n(7).
-46
Let t(d) = 2*d**2 + 24*d - 52. Calculate t(-14).
4
Let i(j) = j**3 + 2*j**2 - 4*j + 3. What is i(2)?
11
Let u(d) = 11*d**2 - d + 1. What is u(-1)?
13
Let c(v) = 5*v + 22. What is c(-4)?
2
Let d(g) = -g**3 + 8*g**2 - 12. What is d(8)?
-12
Let b(z) = z**2 + 11*z - 2. Calculate b(-10).
-12
Let q(s) = 11*s**2 + 8*s - 72. Give q(-3).
3
Let z(m) = m**2 + 51. What is z(0)?
51
Let v(p) = -p**3 + 6*p**2 - 5*p - 2. Determine v(4).
10
Let k(a) = -a**3 + 2*a**2 + a. Give k(-4).
92
Let c(z) = -z**2 + 25. Determine c(6).
-11
Let p(i) = -21*i**2 - 1. Determine p(1).
-22
Let g(n) = n**3 + 5*n**2 + 2*n - 3. What is g(-4)?
5
Let t(p) = 19*p + 268. Determine t(-14).
2
Let c(n) = 2*n**3 + 15*n**2 - 10*n - 9. Give c(-8).
7
Let v(g) = -5*g**2 - g + 5. Determine v(-3).
-37
Let a(x) = 5*x + 64. What is a(0)?
64
Let i(c) = c**2 - 36*c - 1979. What is i(66)?
1
Let x(w) = -11*w - 26. Determine x(5).
-81
Let k(m) = m**3 - 18*m**2 + 16*m + 22. What is k(17)?
5
Let j(l) = 9*l - 18. Determine j(4).
18
Let z(k) = k + 7. What is z(7)?
14
Let q(w) = w**3 - 16*w**2 + 13. Give q(16).
13
Let x(n) = 2*n**2 - 38*n - 238. Give x(-5).
2
Let m(x) = 2*x**2 - 13*x + 23. Give m(2).
5
Let l(g) = -g**2 + 11*g + 66. Give l(-5).
-14
Let v(f) = -17*f + 188. Calculate v(11).
1
Let f(s) = s**3 + 10*s**2 - 11. Determine f(-10).
-11
Let t(c) = 3*c**2 + 11*c - 8. What is t(-9)?
136
Let p(z) = 3*z - 3. Determine p(2).
3
Let o(c) = -2*c**2 - 23*c. What is o(-12)?
-12
Let s(z) = z**3 - 31. What is s(0)?
-31
Let u(y) = -2*y + 3. Determine u(-4).
11
Let p(a) = -30*a + 73. Give p(4).
-47
Let t(a) = 10*a + 57. What is t(0)?
57
Let g(f) = 5*f - 23. Calculate g(-11).
-78
Let d(u) = -u**2 - 11*u - 22. What is d(-10)?
-12
Let v(k) = k**3 - 10*k**2 - 10*k - 44. Give v(11).
-33
Let s(c) = c**3 - 4*c**2 - 5*c + 6. Calculate s(4).
-14
Let j(a) = a**3 + 13*a**2 - 26*a - 9. What is j(-14)?
159
Let n(d) = 2*d - 102. Determine n(28).
-46
Let o(b) = 12*b - 121. Determine o(13).
35
Let k(i) = -5*i + 16. Calculate k(22).
-94
Let r(y) = 4*y**2 - 4*y + 1. Give r(1).
1
Let l(w) = -w**2 - 3*w + 11. Calculate l(-7).
-17
Let y(z) = z**3 - 9*z**2 - 7*z + 5. Determine y(9).
-58
Let y(f) = -f**2 + 7*f - 8. Calculate y(10).
-38
Let f(a) = -a**3 - 10*a**2 - 17*a + 7. What is f(-8)?
15
Let w(g) = 3*g**2 - 7*g - 3. What is w(3)?
3
Let y(i) = 4*i**2 - i - 3. Determine y(2).
11
Let p(l) = 3*l**3 + 2*l**2 + l. Determine p(-1).
-2
Let s(m) = -m - 16. Calculate s(-16).
0
Let s(m) = -4*m - 3. Determine s(-3).
9
Let b(z) = -z**3 - z**2 + 12*z + 1. Give b(-4).
1
Let f(p) = -12*p - 320. Give f(-26).
-8
Let d(f) = 2*f**3 + 5*f**2 - 3*f + 3. What is d(-4)?
-33
Let l(k) = k**3 - 27*k**2 + 24*k - 38. Calculate l(26).
-90
Let g(o) = 2*o**3 - 2*o**2 - 4*o + 8. Calculate g(2).
8
Let x(q) = q**3 - 15*q**2 - q + 15. Give x(15).
0
Let